ommon factor of 12472 and 8?
8
Calculate the greatest common divisor of 15 and 3.
3
What is the greatest common divisor of 3247 and 17?
17
Calculate the highest common factor of 815 and 15.
5
What is the greatest common divisor of 6 and 1142?
2
What is the greatest common factor of 14 and 4?
2
What is the greatest common factor of 82 and 15498?
82
Calculate the highest common factor of 67 and 85693.
67
Calculate the greatest common divisor of 357 and 9401.
119
Calculate the highest common factor of 14 and 434.
14
What is the highest common factor of 20 and 190?
10
Calculate the highest common divisor of 4785 and 165.
165
Calculate the highest common factor of 190 and 20.
10
What is the highest common divisor of 39 and 6?
3
What is the highest common factor of 3480 and 1240?
40
What is the greatest common divisor of 418 and 616?
22
Calculate the greatest common divisor of 576 and 18.
18
What is the greatest common divisor of 2632 and 47?
47
What is the greatest common factor of 14 and 20314?
14
What is the highest common divisor of 864 and 486?
54
What is the highest common divisor of 22 and 1309?
11
Calculate the highest common factor of 1947 and 165.
33
What is the highest common divisor of 2979 and 9?
9
What is the highest common divisor of 15 and 1545?
15
What is the greatest common divisor of 206 and 721?
103
What is the highest common factor of 6186 and 18?
6
Calculate the highest common divisor of 20 and 3380.
20
Calculate the highest common factor of 360 and 4.
4
Calculate the greatest common factor of 735 and 60.
15
Calculate the highest common factor of 336 and 2604.
84
Calculate the highest common factor of 20 and 1650.
10
Calculate the greatest common factor of 506 and 1100.
22
What is the greatest common divisor of 156 and 117?
39
Calculate the highest common factor of 585 and 351.
117
What is the greatest common divisor of 4392 and 576?
72
Calculate the greatest common divisor of 22 and 143.
11
What is the greatest common divisor of 84 and 54?
6
What is the greatest common factor of 164 and 5084?
164
What is the greatest common factor of 1572 and 12?
12
What is the highest common factor of 288 and 720?
144
Calculate the greatest common factor of 1258 and 296.
74
Calculate the highest common divisor of 200 and 24.
8
Calculate the highest common factor of 63 and 42.
21
Calculate the greatest common divisor of 849 and 3.
3
Calculate the highest common divisor of 1155 and 35.
35
Calculate the highest common factor of 143 and 121.
11
Calculate the highest common factor of 21 and 672.
21
Calculate the highest common factor of 270 and 81.
27
Calculate the greatest common divisor of 272 and 340.
68
Calculate the greatest common divisor of 465 and 30.
15
Calculate the greatest common divisor of 348 and 1566.
174
Calculate the highest common divisor of 60 and 156.
12
Calculate the greatest common divisor of 50 and 650.
50
What is the greatest common divisor of 1008 and 4896?
144
What is the greatest common factor of 34 and 51?
17
What is the highest common factor of 376 and 141?
47
What is the highest common divisor of 15 and 2?
1
Calculate the greatest common factor of 2940 and 40.
20
Calculate the greatest common divisor of 3502 and 34.
34
Calculate the greatest common factor of 9 and 261.
9
What is the highest common factor of 5605 and 76?
19
What is the highest common factor of 49 and 12544?
49
Calculate the greatest common divisor of 25 and 75.
25
Calculate the highest common divisor of 3624 and 24.
24
What is the highest common divisor of 45 and 330?
15
Calculate the greatest common factor of 35 and 115.
5
What is the greatest common factor of 45 and 5355?
45
What is the greatest common divisor of 40 and 5212?
4
What is the greatest common factor of 3780 and 336?
84
Calculate the highest common divisor of 270 and 600.
30
What is the greatest common factor of 42 and 441?
21
Calculate the highest common divisor of 73 and 19637.
73
Calculate the greatest common divisor of 21 and 6.
3
Calculate the greatest common divisor of 6 and 2406.
6
Calculate the highest common divisor of 7252 and 888.
148
Calculate the highest common divisor of 76 and 171.
19
What is the highest common factor of 80 and 1040?
80
What is the highest common divisor of 7 and 763?
7
Calculate the greatest common divisor of 20 and 500.
20
What is the highest common factor of 7 and 112?
7
Calculate the greatest common divisor of 161 and 23.
23
Calculate the greatest common factor of 2585 and 55.
55
Calculate the greatest common factor of 60 and 3885.
15
Calculate the greatest common factor of 29 and 1421.
29
Calculate the highest common divisor of 80 and 110.
10
Calculate the greatest common factor of 8 and 19172.
4
What is the highest common factor of 13512 and 48?
24
What is the greatest common divisor of 616 and 8272?
88
Calculate the highest common divisor of 68 and 340.
68
What is the greatest common factor of 98 and 3136?
98
What is the greatest common divisor of 92 and 1863?
23
Calculate the highest common divisor of 6 and 1038.
6
What is the highest common divisor of 90 and 225?
45
Calculate the highest common factor of 269 and 2.
1
What is the greatest common divisor of 459 and 1224?
153
Calculate the highest common factor of 26 and 2275.
13
What is the highest common divisor of 3 and 7071?
3
What is the highest common divisor of 682 and 3674?
22
What is the highest common factor of 648 and 3456?
216
What is the greatest common factor of 3034 and 111?
37
Calculate the highest common factor of 310 and 465.
155
Calculate the highest common divisor of 8450 and 50.
50
Calculate the highest common factor of 52 and 377.
13
Calculate the greatest common divisor of 85 and 2465.
85
Calculate the highest common factor of 6 and 67668.
6
What is the greatest common divisor of 32 and 432?
16
Calculate the greatest common factor of 7 and 567.
7
Calculate the greatest common divisor of 1 and 68.
1
What is the greatest common factor of 104 and 168?
8
Calculate the highest common divisor of 961 and 31.
31
Calculate the highest common factor of 57 and 931.
19
Calculate the highest common divisor of 68 and 1666.
34
Calculate the greatest common divisor of 26 and 5.
1
What is the highest common factor of 143 and 99?
11
What is the greatest common factor of 84 and 133?
7
What is the greatest common divisor of 417 and 15290?
139
Calculate the highest common factor of 3 and 213.
3
Calculate the highest common factor of 6855 and 15.
15
Calculate the greatest common factor of 34 and 136.
34
What is the highest common divisor of 388 and 11446?
194
What is the highest common divisor of 88 and 3124?
44
Calculate the greatest common factor of 576 and 936.
72
Calculate the highest common divisor of 370 and 20.
10
What is the greatest common divisor of 294 and 546?
42
Calculate the greatest common divisor of 26763 and 33.
33
Calculate the highest common factor of 3438 and 18.
18
What is the greatest common factor of 12986 and 86?
86
What is the highest common divisor of 1184 and 740?
148
What is the highest common factor of 168 and 1764?
84
What is the highest common factor of 135 and 3645?
135
Calculate the greatest common divisor of 4393 and 23.
23
What is the greatest common factor of 5047 and 735?
49
What is the highest common factor of 32 and 136?
8
Calculate the highest common factor of 52 and 25870.
26
Calculate the greatest common divisor of 80 and 3280.
80
Calculate the greatest common factor of 2191 and 7.
7
Calculate the highest common factor of 1394 and 68.
34
Calculate the highest common factor of 16467 and 132.
33
Calculate the highest common divisor of 16 and 536.
8
Calculate the highest common divisor of 190 and 114.
38
What is the highest common divisor of 845 and 507?
169
What is the highest common factor of 38 and 1064?
38
What is the greatest common factor of 4115 and 5?
5
What is the greatest common divisor of 375 and 30?
15
What is the highest common factor of 62 and 2542?
62
Calculate the greatest common divisor of 3193 and 93.
31
Calculate the greatest common divisor of 17 and 34.
17
What is the highest common factor of 24 and 18?
6
What is the highest common divisor of 1980 and 300?
60
What is the greatest common divisor of 153 and 493?
17
Calculate the greatest c